{"id":2096,"date":"2025-01-08T10:40:21","date_gmt":"2025-01-08T09:40:21","guid":{"rendered":"https:\/\/birdingebrepirineus.com\/espais\/el-cadi-moixero-natural-park-prat-de-cadi\/"},"modified":"2025-01-22T23:25:04","modified_gmt":"2025-01-22T22:25:04","slug":"el-cadi-moixero-natural-park-prat-de-cadi","status":"publish","type":"espais","link":"https:\/\/birdingebrepirineus.com\/en\/spaces\/el-cadi-moixero-natural-park-prat-de-cadi\/","title":{"rendered":"El Cad\u00ed-Moixer\u00f3 Natural Park: Prat de Cad\u00ed"},"content":{"rendered":"\n<p><br\/>The two great mountain ranges, Cad\u00ed and Moixer\u00f3, form an impressive mountain barrier where the Pre-Pyrenees and the Pyrenees meet. The biodiversity at this strategic location is remarkable, with more than 130 bird species regularly observed. The birds of the forests and high mountains are the greatest draw, including the black woodpecker, which features in the Natural Park&#8217;s logo. From the small village of Estana, an extraordinarily beautiful walking route climbs up to the Prat de Cad\u00ed meadow, where the birdwatching is excellent.   <\/p>\n","protected":false},"featured_media":0,"template":"","sectors":[30],"class_list":["post-2096","espais","type-espais","status-publish","hentry","sectors-pyrenees"],"_links":{"self":[{"href":"https:\/\/birdingebrepirineus.com\/en\/wp-json\/wp\/v2\/espais\/2096","targetHints":{"allow":["GET"]}}],"collection":[{"href":"https:\/\/birdingebrepirineus.com\/en\/wp-json\/wp\/v2\/espais"}],"about":[{"href":"https:\/\/birdingebrepirineus.com\/en\/wp-json\/wp\/v2\/types\/espais"}],"wp:attachment":[{"href":"https:\/\/birdingebrepirineus.com\/en\/wp-json\/wp\/v2\/media?parent=2096"}],"wp:term":[{"taxonomy":"sectors","embeddable":true,"href":"https:\/\/birdingebrepirineus.com\/en\/wp-json\/wp\/v2\/sectors?post=2096"}],"curies":[{"name":"wp","href":"https:\/\/api.w.org\/{rel}","templated":true}]}}

El Cadí-Moixeró Natural Park: Prat de Cadí

<p><br/>The two great mountain ranges, Cadí and Moixeró, form an impressive mountain barrier where the Pre-Pyrenees and the Pyrenees meet. The biodiversity at this strategic location is remarkable, with more than 130 bird species regularly observed. The birds of the forests and high mountains are the greatest draw, including the black woodpecker, which features in the Natural Park&#8217;s logo. From the small village of Estana, an extraordinarily beautiful walking route climbs up to the Prat de Cadí meadow, where the birdwatching is excellent.   </p>
