{"id":1745,"date":"2025-01-08T10:12:32","date_gmt":"2025-01-08T09:12:32","guid":{"rendered":"https:\/\/birdingebrepirineus.com\/espais\/parque-natural-de-els-ports-caro\/"},"modified":"2025-01-22T11:04:50","modified_gmt":"2025-01-22T10:04:50","slug":"parque-natural-de-els-ports-caro","status":"publish","type":"espais","link":"https:\/\/birdingebrepirineus.com\/es\/espacios\/parque-natural-de-els-ports-caro\/","title":{"rendered":"Parque Natural de Els Ports: Caro"},"content":{"rendered":"\n<p>Con sus 1.441 m de altura el Caro es el pico m\u00e1s elevado de las Terres de l\u2019Ebre y el punto culminante del gran macizo de Els Ports. Su ascensi\u00f3n, tanto a pie como en coche, pasa por h\u00e1bitats agr\u00edcolas, forestales y rup\u00edcolas que permiten observar una gran diversidad de aves. Desde la cima se divisa el delta del Ebro y se pueden ver rapaces en vuelo y alguna cabra salvaje.<\/p>\n","protected":false},"featured_media":1516,"template":"","sectors":[29],"class_list":["post-1745","espais","type-espais","status-publish","has-post-thumbnail","hentry","sectors-sector-de-las-terres-de-lebre"],"_links":{"self":[{"href":"https:\/\/birdingebrepirineus.com\/es\/wp-json\/wp\/v2\/espais\/1745","targetHints":{"allow":["GET"]}}],"collection":[{"href":"https:\/\/birdingebrepirineus.com\/es\/wp-json\/wp\/v2\/espais"}],"about":[{"href":"https:\/\/birdingebrepirineus.com\/es\/wp-json\/wp\/v2\/types\/espais"}],"wp:featuredmedia":[{"embeddable":true,"href":"https:\/\/birdingebrepirineus.com\/es\/wp-json\/wp\/v2\/media\/1516"}],"wp:attachment":[{"href":"https:\/\/birdingebrepirineus.com\/es\/wp-json\/wp\/v2\/media?parent=1745"}],"wp:term":[{"taxonomy":"sectors","embeddable":true,"href":"https:\/\/birdingebrepirineus.com\/es\/wp-json\/wp\/v2\/sectors?post=1745"}],"curies":[{"name":"wp","href":"https:\/\/api.w.org\/{rel}","templated":true}]}}

<p>Con sus 1.441 m de altura el Caro es el pico más elevado de las Terres de l’Ebre y el punto culminante del gran macizo de Els Ports. Su ascensión, tanto a pie como en coche, pasa por hábitats agrícolas, forestales y rupícolas que permiten observar una gran diversidad de aves. Desde la cima se divisa el delta del Ebro y se pueden ver rapaces en vuelo y alguna cabra salvaje.</p>
