{"id":1748,"date":"2025-01-08T10:21:19","date_gmt":"2025-01-08T09:21:19","guid":{"rendered":"https:\/\/birdingebrepirineus.com\/espais\/mosaico-mediterraneo-de-la-terra-alta\/"},"modified":"2025-01-23T10:21:56","modified_gmt":"2025-01-23T09:21:56","slug":"mosaico-mediterraneo-de-la-terra-alta","status":"publish","type":"espais","link":"https:\/\/birdingebrepirineus.com\/es\/espacios\/mosaico-mediterraneo-de-la-terra-alta\/","title":{"rendered":"Mosaico mediterr\u00e1neo de La Terra Alta"},"content":{"rendered":"\n<p><br\/>M\u00e1s all\u00e1 de las sierras abruptas que delimitan La Terra Alta (Els Ports, P\u00e0ndols y Cavalls), el paisaje de esta comarca se caracteriza por la actividad agraria, sobre todo por los cultivos de vides, olivos y almendros, que conviven con retazos forestales y un rico patrimonio cultural de piedra seca. Este mosaico paisaj\u00edstico, repleto de mas\u00edas y m\u00e1rgenes, es el h\u00e1bitat ideal de una gran variedad de aves de ambientes mediterr\u00e1neos. <\/p>\n\n<p><\/p>\n","protected":false},"featured_media":1513,"template":"","sectors":[29],"class_list":["post-1748","espais","type-espais","status-publish","has-post-thumbnail","hentry","sectors-sector-de-las-terres-de-lebre"],"_links":{"self":[{"href":"https:\/\/birdingebrepirineus.com\/es\/wp-json\/wp\/v2\/espais\/1748","targetHints":{"allow":["GET"]}}],"collection":[{"href":"https:\/\/birdingebrepirineus.com\/es\/wp-json\/wp\/v2\/espais"}],"about":[{"href":"https:\/\/birdingebrepirineus.com\/es\/wp-json\/wp\/v2\/types\/espais"}],"wp:featuredmedia":[{"embeddable":true,"href":"https:\/\/birdingebrepirineus.com\/es\/wp-json\/wp\/v2\/media\/1513"}],"wp:attachment":[{"href":"https:\/\/birdingebrepirineus.com\/es\/wp-json\/wp\/v2\/media?parent=1748"}],"wp:term":[{"taxonomy":"sectors","embeddable":true,"href":"https:\/\/birdingebrepirineus.com\/es\/wp-json\/wp\/v2\/sectors?post=1748"}],"curies":[{"name":"wp","href":"https:\/\/api.w.org\/{rel}","templated":true}]}}

Mosaico mediterráneo de La Terra Alta

<p><br/>Más allá de las sierras abruptas que delimitan La Terra Alta (Els Ports, Pàndols y Cavalls), el paisaje de esta comarca se caracteriza por la actividad agraria, sobre todo por los cultivos de vides, olivos y almendros, que conviven con retazos forestales y un rico patrimonio cultural de piedra seca. Este mosaico paisajístico, repleto de masías y márgenes, es el hábitat ideal de una gran variedad de aves de ambientes mediterráneos. </p>

<p></p>
