{"id":1749,"date":"2025-01-08T10:22:35","date_gmt":"2025-01-08T09:22:35","guid":{"rendered":"https:\/\/birdingebrepirineus.com\/espais\/secanos-de-el-segria-y-utxesa\/"},"modified":"2025-01-22T14:51:33","modified_gmt":"2025-01-22T13:51:33","slug":"secanos-de-el-segria-y-utxesa","status":"publish","type":"espais","link":"https:\/\/birdingebrepirineus.com\/es\/espacios\/secanos-de-el-segria-y-utxesa\/","title":{"rendered":"Secanos de El Segri\u00e0 y Utxesa"},"content":{"rendered":"\n<p><br\/>Este espacio combina cultivos de cereal, yermos y barbechos con zonas h\u00famedas naturalizadas asociadas a la cola de tres embalses singulares, que dan como resultado un mosaico muy diverso de h\u00e1bitats. El pant\u00e0 d\u2019Utxesa \u00e9s un refugi \u00fanic per a m\u00e9s de 200 esp\u00e8cies d\u2019aus, entre migrat\u00f2ries i residents, i destaca per la singularitat dels ocells de canyissar.<\/p>\n","protected":false},"featured_media":1826,"template":"","sectors":[32],"class_list":["post-1749","espais","type-espais","status-publish","has-post-thumbnail","hentry","sectors-sector-de-los-secanos"],"_links":{"self":[{"href":"https:\/\/birdingebrepirineus.com\/es\/wp-json\/wp\/v2\/espais\/1749","targetHints":{"allow":["GET"]}}],"collection":[{"href":"https:\/\/birdingebrepirineus.com\/es\/wp-json\/wp\/v2\/espais"}],"about":[{"href":"https:\/\/birdingebrepirineus.com\/es\/wp-json\/wp\/v2\/types\/espais"}],"wp:featuredmedia":[{"embeddable":true,"href":"https:\/\/birdingebrepirineus.com\/es\/wp-json\/wp\/v2\/media\/1826"}],"wp:attachment":[{"href":"https:\/\/birdingebrepirineus.com\/es\/wp-json\/wp\/v2\/media?parent=1749"}],"wp:term":[{"taxonomy":"sectors","embeddable":true,"href":"https:\/\/birdingebrepirineus.com\/es\/wp-json\/wp\/v2\/sectors?post=1749"}],"curies":[{"name":"wp","href":"https:\/\/api.w.org\/{rel}","templated":true}]}}

Secanos de El Segrià y Utxesa

<p><br/>Este espacio combina cultivos de cereal, yermos y barbechos con zonas húmedas naturalizadas asociadas a la cola de tres embalses singulares, que dan como resultado un mosaico muy diverso de hábitats. El pantà d’Utxesa és un refugi únic per a més de 200 espècies d’aus, entre migratòries i residents, i destaca per la singularitat dels ocells de canyissar.</p>
