{"id":1754,"date":"2025-01-08T10:27:15","date_gmt":"2025-01-08T09:27:15","guid":{"rendered":"https:\/\/birdingebrepirineus.com\/espais\/sierra-llarga-secanos-de-la-noguera\/"},"modified":"2025-01-22T15:09:02","modified_gmt":"2025-01-22T14:09:02","slug":"sierra-llarga-secanos-de-la-noguera","status":"publish","type":"espais","link":"https:\/\/birdingebrepirineus.com\/es\/espacios\/sierra-llarga-secanos-de-la-noguera\/","title":{"rendered":"Sierra Llarga &#8211; secanos de La Noguera"},"content":{"rendered":"\n<p><br\/>Al oeste de Balaguer, capital de La Noguera, se erige una alineaci\u00f3n de peque\u00f1as colinas (sierra Llarga) que act\u00faa de frontera entre la depresi\u00f3n central y el Prepirineo, y que destaca por la presencia de un sustrato yes\u00edfero. Un paisaje en mosaico de matorrales, tomillares y prados secos que se combinan con los cultivos de secano, casi omnipresentes en el sector sur del espacio. Este entorno es un buen h\u00e1bitat para las aves esteparias, con algunas especies de notable inter\u00e9s que mantienen aqu\u00ed las poblaciones m\u00e1s importantes de toda Catalu\u00f1a.  <\/p>\n","protected":false},"featured_media":0,"template":"","sectors":[32],"class_list":["post-1754","espais","type-espais","status-publish","hentry","sectors-sector-de-los-secanos"],"_links":{"self":[{"href":"https:\/\/birdingebrepirineus.com\/es\/wp-json\/wp\/v2\/espais\/1754","targetHints":{"allow":["GET"]}}],"collection":[{"href":"https:\/\/birdingebrepirineus.com\/es\/wp-json\/wp\/v2\/espais"}],"about":[{"href":"https:\/\/birdingebrepirineus.com\/es\/wp-json\/wp\/v2\/types\/espais"}],"wp:attachment":[{"href":"https:\/\/birdingebrepirineus.com\/es\/wp-json\/wp\/v2\/media?parent=1754"}],"wp:term":[{"taxonomy":"sectors","embeddable":true,"href":"https:\/\/birdingebrepirineus.com\/es\/wp-json\/wp\/v2\/sectors?post=1754"}],"curies":[{"name":"wp","href":"https:\/\/api.w.org\/{rel}","templated":true}]}}

<p><br/>Al oeste de Balaguer, capital de La Noguera, se erige una alineación de pequeñas colinas (sierra Llarga) que actúa de frontera entre la depresión central y el Prepirineo, y que destaca por la presencia de un sustrato yesífero. Un paisaje en mosaico de matorrales, tomillares y prados secos que se combinan con los cultivos de secano, casi omnipresentes en el sector sur del espacio. Este entorno es un buen hábitat para las aves esteparias, con algunas especies de notable interés que mantienen aquí las poblaciones más importantes de toda Cataluña.  </p>
