{"id":1641,"date":"2025-01-07T12:12:16","date_gmt":"2025-01-07T11:12:16","guid":{"rendered":"https:\/\/birdingebrepirineus.com\/especies\/crialo-europeo\/"},"modified":"2025-01-20T19:29:53","modified_gmt":"2025-01-20T18:29:53","slug":"crialo-europeo","status":"publish","type":"especies","link":"https:\/\/birdingebrepirineus.com\/es\/especies\/crialo-europeo\/","title":{"rendered":"Cr\u00edalo europeo"},"content":{"rendered":"\n<p>Estival, escaso, y m\u00e1s grande y esbelto que el cuco com\u00fan, pone los huevos en nidos de c\u00f3rvidos.<\/p>\n","protected":false},"featured_media":223,"template":"","sectors":[32],"class_list":["post-1641","especies","type-especies","status-publish","has-post-thumbnail","hentry","sectors-sector-de-los-secanos"],"_links":{"self":[{"href":"https:\/\/birdingebrepirineus.com\/es\/wp-json\/wp\/v2\/especies\/1641","targetHints":{"allow":["GET"]}}],"collection":[{"href":"https:\/\/birdingebrepirineus.com\/es\/wp-json\/wp\/v2\/especies"}],"about":[{"href":"https:\/\/birdingebrepirineus.com\/es\/wp-json\/wp\/v2\/types\/especies"}],"wp:featuredmedia":[{"embeddable":true,"href":"https:\/\/birdingebrepirineus.com\/es\/wp-json\/wp\/v2\/media\/223"}],"wp:attachment":[{"href":"https:\/\/birdingebrepirineus.com\/es\/wp-json\/wp\/v2\/media?parent=1641"}],"wp:term":[{"taxonomy":"sectors","embeddable":true,"href":"https:\/\/birdingebrepirineus.com\/es\/wp-json\/wp\/v2\/sectors?post=1641"}],"curies":[{"name":"wp","href":"https:\/\/api.w.org\/{rel}","templated":true}]}}

Críalo europeo

<p>Estival, escaso, y más grande y esbelto que el cuco común, pone los huevos en nidos de córvidos.</p>
