{"id":1650,"date":"2025-01-07T12:02:12","date_gmt":"2025-01-07T11:02:12","guid":{"rendered":"https:\/\/birdingebrepirineus.com\/especies\/gaviota-de-audouin\/"},"modified":"2025-01-20T19:37:27","modified_gmt":"2025-01-20T18:37:27","slug":"gaviota-de-audouin","status":"publish","type":"especies","link":"https:\/\/birdingebrepirineus.com\/es\/especies\/gaviota-de-audouin\/","title":{"rendered":"Gaviota de Audouin"},"content":{"rendered":"\n<p>End\u00e9mica del Mediterr\u00e1neo, con una poblaci\u00f3n creciente en las \u00faltimas d\u00e9cadas.<\/p>\n","protected":false},"featured_media":200,"template":"","sectors":[29],"class_list":["post-1650","especies","type-especies","status-publish","has-post-thumbnail","hentry","sectors-sector-de-las-terres-de-lebre"],"_links":{"self":[{"href":"https:\/\/birdingebrepirineus.com\/es\/wp-json\/wp\/v2\/especies\/1650","targetHints":{"allow":["GET"]}}],"collection":[{"href":"https:\/\/birdingebrepirineus.com\/es\/wp-json\/wp\/v2\/especies"}],"about":[{"href":"https:\/\/birdingebrepirineus.com\/es\/wp-json\/wp\/v2\/types\/especies"}],"wp:featuredmedia":[{"embeddable":true,"href":"https:\/\/birdingebrepirineus.com\/es\/wp-json\/wp\/v2\/media\/200"}],"wp:attachment":[{"href":"https:\/\/birdingebrepirineus.com\/es\/wp-json\/wp\/v2\/media?parent=1650"}],"wp:term":[{"taxonomy":"sectors","embeddable":true,"href":"https:\/\/birdingebrepirineus.com\/es\/wp-json\/wp\/v2\/sectors?post=1650"}],"curies":[{"name":"wp","href":"https:\/\/api.w.org\/{rel}","templated":true}]}}

<p>Endémica del Mediterráneo, con una población creciente en las últimas décadas.</p>
